{"id":35,"date":"2025-09-19T09:20:48","date_gmt":"2025-09-19T09:20:48","guid":{"rendered":"https:\/\/veradyn.ro\/global\/?page_id=35"},"modified":"2025-09-22T08:18:30","modified_gmt":"2025-09-22T08:18:30","slug":"eveniment2","status":"publish","type":"page","link":"https:\/\/veradyn.ro\/global\/index.php\/eveniment2\/","title":{"rendered":"Eveniment2"},"content":{"rendered":"\n[et_pb_section fb_built=&#8221;1&#8243; admin_label=&#8221;Header&#8221; _builder_version=&#8221;4.27.4&#8243; _module_preset=&#8221;default&#8221; background_color=&#8221;#e8f3e6&#8243; background_enable_image=&#8221;off&#8221; background_size=&#8221;contain&#8221; background_position=&#8221;bottom_right&#8221; custom_padding=&#8221;||||false|false&#8221; hover_enabled=&#8221;0&#8243; global_colors_info=&#8221;{}&#8221; sticky_enabled=&#8221;0&#8243;][et_pb_row _builder_version=&#8221;4.16&#8243; _module_preset=&#8221;default&#8221; global_colors_info=&#8221;{}&#8221;][et_pb_column type=&#8221;4_4&#8243; _builder_version=&#8221;4.16&#8243; _module_preset=&#8221;default&#8221; global_colors_info=&#8221;{}&#8221;][et_pb_text _builder_version=&#8221;4.27.4&#8243; _module_preset=&#8221;e83f3e06-6d59-4882-83e6-acd8e4c3444c&#8221; text_text_color=&#8221;#FFEDD3&#8243; header_4_font=&#8221;Asap|700|||||||&#8221; header_4_text_color=&#8221;#E44F17&#8243; header_4_font_size=&#8221;16px&#8221; header_4_line_height=&#8221;1.6em&#8221; text_orientation=&#8221;center&#8221; custom_margin=&#8221;||0px||false|false&#8221; locked=&#8221;off&#8221; global_colors_info=&#8221;{%22gcid-72e93b99-cf31-4689-b32a-779e96fe8e33%22:%91%93,%22gcid-603ab6b6-55b9-4ee1-91ae-f05b20d01cac%22:%91%93,%22gcid-9a42c30a-262f-4104-9519-406d5866943b%22:%91%93}&#8221;]<h4>Banatul de Nord \u2013 G\u0103vojdia, jude\u021bul Timi\u0219<\/h4>[\/et_pb_text][et_pb_text _builder_version=&#8221;4.16&#8243; _module_preset=&#8221;90865f4d-2cce-42a7-b40e-d3fbad25605a&#8221; header_2_font=&#8221;Asap|700|||||||&#8221; header_2_text_color=&#8221;#21401C&#8221; header_2_font_size=&#8221;56px&#8221; header_2_line_height=&#8221;1.2em&#8221; text_orientation=&#8221;center&#8221; max_width=&#8221;700px&#8221; module_alignment=&#8221;center&#8221; custom_margin=&#8221;||10px||false|false&#8221; header_2_font_size_tablet=&#8221;&#8221; header_2_font_size_phone=&#8221;&#8221; header_2_font_size_last_edited=&#8221;on|tablet&#8221; locked=&#8221;off&#8221; global_colors_info=&#8221;{}&#8221;]<h2>Formare profesional\u0103 de scurt\u0103 durat\u0103 \u00een domeniul agricol<\/h2>[\/et_pb_text][et_pb_text _builder_version=&#8221;4.16&#8243; _module_preset=&#8221;c8671c68-2c24-4814-9600-c35073173dd5&#8243; text_font=&#8221;Asap||||||||&#8221; text_font_size=&#8221;20px&#8221; text_line_height=&#8221;1.6em&#8221; text_orientation=&#8221;center&#8221; max_width=&#8221;700px&#8221; module_alignment=&#8221;center&#8221; text_font_size_tablet=&#8221;16px&#8221; text_font_size_phone=&#8221;14px&#8221; text_font_size_last_edited=&#8221;on|desktop&#8221; locked=&#8221;off&#8221; global_colors_info=&#8221;{}&#8221;]<p>Formarea profesionala se desf\u0103\u0219oar\u0103 pe durata a <strong>5 zile, cte 8 ore\/zi<\/strong>, in total 40 de ore, \u00een perioada <strong>13.09 \u2013 19.09.2025<\/strong>, \u00een localitatea G\u0103vojdia, jude\u021bul Timi\u0219. Grupul ce particip\u0103 la aceste form\u0103ri de scurt\u0103 durat\u0103 pentru adul\u021bi este de <strong>20 persoane din comunele membre GAL Banatul de Nord<\/strong>, care activeaz\u0103 \u00een domeniul agricol \u0219i forestier.<\/p>[\/et_pb_text][\/et_pb_column][\/et_pb_row][et_pb_row _builder_version=&#8221;4.27.4&#8243; _module_preset=&#8221;default&#8221;][et_pb_column _builder_version=&#8221;4.27.4&#8243; _module_preset=&#8221;default&#8221; type=&#8221;4_4&#8243;][et_pb_image src=&#8221;https:\/\/veradyn.ro\/global\/wp-content\/uploads\/2025\/09\/cum-poti-infiinta-o-afacere-in-domeniul-agricol-5-sfaturi-de-succes.webp&#8221; _builder_version=&#8221;4.27.4&#8243; _module_preset=&#8221;default&#8221; title_text=&#8221;cum-poti-infiinta-o-afacere-in-domeniul-agricol-5-sfaturi-de-succes&#8221; align=&#8221;center&#8221; border_radii=&#8221;on|22px|22px|22px|22px&#8221; hover_enabled=&#8221;0&#8243; sticky_enabled=&#8221;0&#8243;][\/et_pb_image][\/et_pb_column][\/et_pb_row][\/et_pb_section][et_pb_section fb_built=&#8221;1&#8243; admin_label=&#8221;About&#8221; _builder_version=&#8221;4.27.4&#8243; _module_preset=&#8221;default&#8221; background_color=&#8221;#e8f3e6&#8243; background_size=&#8221;contain&#8221; background_position=&#8221;bottom_right&#8221; custom_padding=&#8221;||0px||false|false&#8221; hover_enabled=&#8221;0&#8243; global_colors_info=&#8221;{}&#8221; background_enable_image=&#8221;off&#8221; sticky_enabled=&#8221;0&#8243; custom_margin_last_edited=&#8221;on|desktop&#8221; custom_margin=&#8221;-103px||||false|false&#8221; custom_margin_tablet=&#8221;-103px||||false|false&#8221; custom_margin_phone=&#8221;-103px||||false|false&#8221;][et_pb_row column_structure=&#8221;2_5,3_5&#8243; _builder_version=&#8221;4.27.4&#8243; _module_preset=&#8221;default&#8221; hover_enabled=&#8221;0&#8243; global_colors_info=&#8221;{}&#8221; sticky_enabled=&#8221;0&#8243;][et_pb_column type=&#8221;2_5&#8243; _builder_version=&#8221;4.16&#8243; _module_preset=&#8221;default&#8221; custom_padding=&#8221;50px||||false|false&#8221; custom_padding_tablet=&#8221;0px||||false|false&#8221; custom_padding_phone=&#8221;&#8221; custom_padding_last_edited=&#8221;on|tablet&#8221; global_colors_info=&#8221;{}&#8221;][et_pb_image src=&#8221;https:\/\/veradyn.ro\/global\/wp-content\/uploads\/2025\/09\/ChatGPT-Image-Sep-19-2025-12_14_00-PM.png&#8221; _builder_version=&#8221;4.27.4&#8243; _module_preset=&#8221;default&#8221; title_text=&#8221;ChatGPT Image Sep 19, 2025, 12_14_00 PM&#8221; hover_enabled=&#8221;0&#8243; sticky_enabled=&#8221;0&#8243; custom_margin_last_edited=&#8221;on|desktop&#8221; custom_margin=&#8221;34px||||false|false&#8221; width_last_edited=&#8221;on|tablet&#8221; width_tablet=&#8221;57%&#8221; module_alignment_last_edited=&#8221;on|tablet&#8221; module_alignment_tablet=&#8221;center&#8221; custom_margin_tablet=&#8221;34px||||false|false&#8221; custom_margin_phone=&#8221;34px||||false|false&#8221; width_phone=&#8221;57%&#8221; module_alignment_phone=&#8221;center&#8221;][\/et_pb_image][\/et_pb_column][et_pb_column type=&#8221;3_5&#8243; _builder_version=&#8221;4.16&#8243; _module_preset=&#8221;default&#8221; custom_padding=&#8221;50px||||false|false&#8221; custom_padding_tablet=&#8221;0px||||false|false&#8221; custom_padding_phone=&#8221;&#8221; custom_padding_last_edited=&#8221;on|tablet&#8221; global_colors_info=&#8221;{}&#8221;][et_pb_text _builder_version=&#8221;4.16&#8243; _module_preset=&#8221;90865f4d-2cce-42a7-b40e-d3fbad25605a&#8221; header_2_font=&#8221;Asap|700|||||||&#8221; header_2_text_color=&#8221;#21401C&#8221; header_2_font_size=&#8221;56px&#8221; header_2_line_height=&#8221;1.2em&#8221; custom_margin=&#8221;||10px||false|false&#8221; custom_margin_tablet=&#8221;&#8221; custom_margin_phone=&#8221;&#8221; custom_margin_last_edited=&#8221;on|phone&#8221; header_2_font_size_tablet=&#8221;&#8221; header_2_font_size_phone=&#8221;&#8221; header_2_font_size_last_edited=&#8221;on|tablet&#8221; locked=&#8221;off&#8221; global_colors_info=&#8221;{}&#8221;]<h2>Derularea programului de formare<\/h2>[\/et_pb_text][et_pb_text _builder_version=&#8221;4.16&#8243; _module_preset=&#8221;fb7962f2-1e22-419f-981e-f53e117901f9&#8243; text_font=&#8221;Asap||||||||&#8221; text_text_color=&#8221;#21401c&#8221; text_font_size=&#8221;16px&#8221; text_line_height=&#8221;1.8em&#8221; link_text_color=&#8221;#FFEDD3&#8243; text_font_size_tablet=&#8221;15px&#8221; text_font_size_phone=&#8221;14px&#8221; text_font_size_last_edited=&#8221;on|desktop&#8221; locked=&#8221;off&#8221; global_colors_info=&#8221;{}&#8221;]<p>Cursul se adreseaz\u0103 domeniului agricol \u0219i are ca obiectiv managementul modern al fermei prin utilizarea tehnologiilor digitale, av\u00e2nd \u00een vedere importan\u021ba tot mai mare a acestui aspect. Este recomandat ca fermierii, lucr\u0103torii din agricultur\u0103 \u0219i\/sau silvicultur\u0103 s\u0103 fie bine informa\u021bi cu privire la posibilit\u0103\u021bile de cre\u0219tere a randamentului \u0219i productivit\u0103\u021bii muncii.<\/p>\n<p>Instruirea participan\u021bilor vizeaz\u0103 dob\u00e2ndirea competen\u021belor de baz\u0103 \u00een utilizarea tehnologiei informa\u021biei, incluz\u00e2nd prezentarea \u0219i aplicarea modurilor de lucru cu pachetele office, navigarea pe internet, precum \u0219i avantajele folosirii unor aplica\u021bii de tip banking.<\/p>[\/et_pb_text][\/et_pb_column][\/et_pb_row][et_pb_row _builder_version=&#8221;4.16&#8243; _module_preset=&#8221;default&#8221; background_color=&#8221;#21401c&#8221; max_width=&#8221;760px&#8221; custom_margin=&#8221;50px||||false|false&#8221; custom_padding=&#8221;64px|30px|64px|30px|true|true&#8221; hover_enabled=&#8221;0&#8243; border_radii=&#8221;off|20px|20px||&#8221; locked=&#8221;off&#8221; global_colors_info=&#8221;{%22gcid-72e93b99-cf31-4689-b32a-779e96fe8e33%22:%91%93}&#8221; sticky_enabled=&#8221;0&#8243;][et_pb_column type=&#8221;4_4&#8243; _builder_version=&#8221;4.16&#8243; _module_preset=&#8221;default&#8221; global_colors_info=&#8221;{}&#8221;][et_pb_text _builder_version=&#8221;4.16&#8243; _module_preset=&#8221;90865f4d-2cce-42a7-b40e-d3fbad25605a&#8221; header_2_font=&#8221;Asap|700|||||||&#8221; header_2_text_color=&#8221;#FFEDD3&#8243; header_2_font_size=&#8221;56px&#8221; header_2_line_height=&#8221;1.2em&#8221; text_orientation=&#8221;center&#8221; custom_margin=&#8221;||10px||false|false&#8221; header_2_font_size_tablet=&#8221;32px&#8221; header_2_font_size_phone=&#8221;20px&#8221; header_2_font_size_last_edited=&#8221;on|phone&#8221; global_colors_info=&#8221;{}&#8221;]<h2>Newsletter<\/h2>[\/et_pb_text][et_pb_text _builder_version=&#8221;4.27.4&#8243; _module_preset=&#8221;default&#8221; text_text_color=&#8221;#FFFFFF&#8221; hover_enabled=&#8221;0&#8243; sticky_enabled=&#8221;0&#8243; width=&#8221;56%&#8221; module_alignment=&#8221;center&#8221;]<p><strong>Abona\u021bi-v\u0103 la newsletter pentru a primi cele mai noi informa\u021bii despre formarea profesional\u0103 \u00een domeniul agricol.<\/strong><\/p>[\/et_pb_text][et_pb_signup mailchimp_list=&#8221;elegantthemestest|1ea2bbd026&#8243; layout=&#8221;top_bottom&#8221; name_field=&#8221;on&#8221; _builder_version=&#8221;4.16&#8243; _module_preset=&#8221;a4bf9472-b583-4bf0-a550-ab81dbf96c0f&#8221; header_font=&#8221;Asap|700|||||||&#8221; header_text_color=&#8221;#FFEDD3&#8243; header_font_size=&#8221;32px&#8221; form_field_font=&#8221;Asap||||||||&#8221; use_background_color=&#8221;off&#8221; custom_button=&#8221;on&#8221; button_text_size=&#8221;14px&#8221; button_text_color=&#8221;#d5a667&#8243; button_bg_color=&#8221;RGBA(0,0,0,0)&#8221; button_border_width=&#8221;4px&#8221; button_border_color=&#8221;#D5A667&#8243; button_border_radius=&#8221;0px&#8221; button_letter_spacing=&#8221;2px&#8221; button_font=&#8221;Asap|700||on|||||&#8221; button_icon=&#8221;&#x24;||divi||400&#8243; button_custom_padding=&#8221;15px|30px|15px|30px|true|true&#8221; text_orientation=&#8221;center&#8221; max_width=&#8221;400px&#8221; module_alignment=&#8221;center&#8221; header_font_size_tablet=&#8221;24px&#8221; header_font_size_phone=&#8221;18px&#8221; header_font_size_last_edited=&#8221;on|phone&#8221; border_radii_fields=&#8221;on|0px|0px|0px|0px&#8221; global_colors_info=&#8221;{}&#8221;][\/et_pb_signup][\/et_pb_column][\/et_pb_row][\/et_pb_section]\n","protected":false},"excerpt":{"rendered":"<p>Banatul de Nord \u2013 G\u0103vojdia, jude\u021bul Timi\u0219Formare profesional\u0103 de scurt\u0103 durat\u0103 \u00een domeniul agricolFormarea profesionala se desf\u0103\u0219oar\u0103 pe durata a 5 zile, cte 8 ore\/zi, in total 40 de ore, \u00een perioada 13.09 \u2013 19.09.2025, \u00een localitatea G\u0103vojdia, jude\u021bul Timi\u0219. Grupul ce particip\u0103 la aceste form\u0103ri de scurt\u0103 durat\u0103 pentru adul\u021bi este de 20 persoane [&hellip;]<\/p>\n","protected":false},"author":1,"featured_media":0,"parent":0,"menu_order":0,"comment_status":"closed","ping_status":"closed","template":"","meta":{"_et_pb_use_builder":"on","_et_pb_old_content":"","_et_gb_content_width":"","iawp_total_views":41,"footnotes":""},"class_list":["post-35","page","type-page","status-publish","hentry"],"_links":{"self":[{"href":"https:\/\/veradyn.ro\/global\/index.php\/wp-json\/wp\/v2\/pages\/35","targetHints":{"allow":["GET"]}}],"collection":[{"href":"https:\/\/veradyn.ro\/global\/index.php\/wp-json\/wp\/v2\/pages"}],"about":[{"href":"https:\/\/veradyn.ro\/global\/index.php\/wp-json\/wp\/v2\/types\/page"}],"author":[{"embeddable":true,"href":"https:\/\/veradyn.ro\/global\/index.php\/wp-json\/wp\/v2\/users\/1"}],"replies":[{"embeddable":true,"href":"https:\/\/veradyn.ro\/global\/index.php\/wp-json\/wp\/v2\/comments?post=35"}],"version-history":[{"count":4,"href":"https:\/\/veradyn.ro\/global\/index.php\/wp-json\/wp\/v2\/pages\/35\/revisions"}],"predecessor-version":[{"id":49,"href":"https:\/\/veradyn.ro\/global\/index.php\/wp-json\/wp\/v2\/pages\/35\/revisions\/49"}],"wp:attachment":[{"href":"https:\/\/veradyn.ro\/global\/index.php\/wp-json\/wp\/v2\/media?parent=35"}],"curies":[{"name":"wp","href":"https:\/\/api.w.org\/{rel}","templated":true}]}}

[et_pb_section fb_built=&#8221;1&#8243; admin_label=&#8221;Header&#8221; _builder_version=&#8221;4.27.4&#8243; _module_preset=&#8221;default&#8221; background_color=&#8221;#e8f3e6&#8243; background_enable_image=&#8221;off&#8221; background_size=&#8221;contain&#8221; background_position=&#8221;bottom_right&#8221; custom_padding=&#8221;||||false|false&#8221; hover_enabled=&#8221;0&#8243; global_colors_info=&#8221;{}&#8221; sticky_enabled=&#8221;0&#8243;][et_pb_row _builder_version=&#8221;4.16&#8243; _module_preset=&#8221;default&#8221; global_colors_info=&#8221;{}&#8221;][et_pb_column type=&#8221;4_4&#8243; _builder_version=&#8221;4.16&#8243; _module_preset=&#8221;default&#8221; global_colors_info=&#8221;{}&#8221;][et_pb_text _builder_version=&#8221;4.27.4&#8243; _module_preset=&#8221;e83f3e06-6d59-4882-83e6-acd8e4c3444c&#8221; text_text_color=&#8221;#FFEDD3&#8243; header_4_font=&#8221;Asap|700|||||||&#8221; header_4_text_color=&#8221;#E44F17&#8243; header_4_font_size=&#8221;16px&#8221; header_4_line_height=&#8221;1.6em&#8221; text_orientation=&#8221;center&#8221; custom_margin=&#8221;||0px||false|false&#8221; locked=&#8221;off&#8221; global_colors_info=&#8221;{%22gcid-72e93b99-cf31-4689-b32a-779e96fe8e33%22:%91%93,%22gcid-603ab6b6-55b9-4ee1-91ae-f05b20d01cac%22:%91%93,%22gcid-9a42c30a-262f-4104-9519-406d5866943b%22:%91%93}&#8221;]<h4>Banatul de Nord – Găvojdia, județul Timiș</h4>[/et_pb_text][et_pb_text _builder_version=&#8221;4.16&#8243; _module_preset=&#8221;90865f4d-2cce-42a7-b40e-d3fbad25605a&#8221; header_2_font=&#8221;Asap|700|||||||&#8221; header_2_text_color=&#8221;#21401C&#8221; header_2_font_size=&#8221;56px&#8221; header_2_line_height=&#8221;1.2em&#8221; text_orientation=&#8221;center&#8221; max_width=&#8221;700px&#8221; module_alignment=&#8221;center&#8221; custom_margin=&#8221;||10px||false|false&#8221; header_2_font_size_tablet=&#8221;&#8221; header_2_font_size_phone=&#8221;&#8221; header_2_font_size_last_edited=&#8221;on|tablet&#8221; locked=&#8221;off&#8221; global_colors_info=&#8221;{}&#8221;]<h2>Formare profesională de scurtă durată în domeniul agricol</h2>[/et_pb_text][et_pb_text _builder_version=&#8221;4.16&#8243; _module_preset=&#8221;c8671c68-2c24-4814-9600-c35073173dd5&#8243; text_font=&#8221;Asap||||||||&#8221; text_font_size=&#8221;20px&#8221; text_line_height=&#8221;1.6em&#8221; text_orientation=&#8221;center&#8221; max_width=&#8221;700px&#8221; module_alignment=&#8221;center&#8221; text_font_size_tablet=&#8221;16px&#8221; text_font_size_phone=&#8221;14px&#8221; text_font_size_last_edited=&#8221;on|desktop&#8221; locked=&#8221;off&#8221; global_colors_info=&#8221;{}&#8221;]<p>Formarea profesionala se desfășoară pe durata a <strong>5 zile, cte 8 ore/zi</strong>, in total 40 de ore, în perioada <strong>13.09 – 19.09.2025</strong>, în localitatea Găvojdia, județul Timiș. Grupul ce participă la aceste formări de scurtă durată pentru adulți este de <strong>20 persoane din comunele membre GAL Banatul de Nord</strong>, care activează în domeniul agricol și forestier.</p>[/et_pb_text][/et_pb_column][/et_pb_row][et_pb_row _builder_version=&#8221;4.27.4&#8243; _module_preset=&#8221;default&#8221;][et_pb_column _builder_version=&#8221;4.27.4&#8243; _module_preset=&#8221;default&#8221; type=&#8221;4_4&#8243;][et_pb_image src=&#8221;https://veradyn.ro/global/wp-content/uploads/2025/09/cum-poti-infiinta-o-afacere-in-domeniul-agricol-5-sfaturi-de-succes.webp&#8221; _builder_version=&#8221;4.27.4&#8243; _module_preset=&#8221;default&#8221; title_text=&#8221;cum-poti-infiinta-o-afacere-in-domeniul-agricol-5-sfaturi-de-succes&#8221; align=&#8221;center&#8221; border_radii=&#8221;on|22px|22px|22px|22px&#8221; hover_enabled=&#8221;0&#8243; sticky_enabled=&#8221;0&#8243;][/et_pb_image][/et_pb_column][/et_pb_row][/et_pb_section][et_pb_section fb_built=&#8221;1&#8243; admin_label=&#8221;About&#8221; _builder_version=&#8221;4.27.4&#8243; _module_preset=&#8221;default&#8221; background_color=&#8221;#e8f3e6&#8243; background_size=&#8221;contain&#8221; background_position=&#8221;bottom_right&#8221; custom_padding=&#8221;||0px||false|false&#8221; hover_enabled=&#8221;0&#8243; global_colors_info=&#8221;{}&#8221; background_enable_image=&#8221;off&#8221; sticky_enabled=&#8221;0&#8243; custom_margin_last_edited=&#8221;on|desktop&#8221; custom_margin=&#8221;-103px||||false|false&#8221; custom_margin_tablet=&#8221;-103px||||false|false&#8221; custom_margin_phone=&#8221;-103px||||false|false&#8221;][et_pb_row column_structure=&#8221;2_5,3_5&#8243; _builder_version=&#8221;4.27.4&#8243; _module_preset=&#8221;default&#8221; hover_enabled=&#8221;0&#8243; global_colors_info=&#8221;{}&#8221; sticky_enabled=&#8221;0&#8243;][et_pb_column type=&#8221;2_5&#8243; _builder_version=&#8221;4.16&#8243; _module_preset=&#8221;default&#8221; custom_padding=&#8221;50px||||false|false&#8221; custom_padding_tablet=&#8221;0px||||false|false&#8221; custom_padding_phone=&#8221;&#8221; custom_padding_last_edited=&#8221;on|tablet&#8221; global_colors_info=&#8221;{}&#8221;][et_pb_image src=&#8221;https://veradyn.ro/global/wp-content/uploads/2025/09/ChatGPT-Image-Sep-19-2025-12_14_00-PM.png&#8221; _builder_version=&#8221;4.27.4&#8243; _module_preset=&#8221;default&#8221; title_text=&#8221;ChatGPT Image Sep 19, 2025, 12_14_00 PM&#8221; hover_enabled=&#8221;0&#8243; sticky_enabled=&#8221;0&#8243; custom_margin_last_edited=&#8221;on|desktop&#8221; custom_margin=&#8221;34px||||false|false&#8221; width_last_edited=&#8221;on|tablet&#8221; width_tablet=&#8221;57%&#8221; module_alignment_last_edited=&#8221;on|tablet&#8221; module_alignment_tablet=&#8221;center&#8221; custom_margin_tablet=&#8221;34px||||false|false&#8221; custom_margin_phone=&#8221;34px||||false|false&#8221; width_phone=&#8221;57%&#8221; module_alignment_phone=&#8221;center&#8221;][/et_pb_image][/et_pb_column][et_pb_column type=&#8221;3_5&#8243; _builder_version=&#8221;4.16&#8243; _module_preset=&#8221;default&#8221; custom_padding=&#8221;50px||||false|false&#8221; custom_padding_tablet=&#8221;0px||||false|false&#8221; custom_padding_phone=&#8221;&#8221; custom_padding_last_edited=&#8221;on|tablet&#8221; global_colors_info=&#8221;{}&#8221;][et_pb_text _builder_version=&#8221;4.16&#8243; _module_preset=&#8221;90865f4d-2cce-42a7-b40e-d3fbad25605a&#8221; header_2_font=&#8221;Asap|700|||||||&#8221; header_2_text_color=&#8221;#21401C&#8221; header_2_font_size=&#8221;56px&#8221; header_2_line_height=&#8221;1.2em&#8221; custom_margin=&#8221;||10px||false|false&#8221; custom_margin_tablet=&#8221;&#8221; custom_margin_phone=&#8221;&#8221; custom_margin_last_edited=&#8221;on|phone&#8221; header_2_font_size_tablet=&#8221;&#8221; header_2_font_size_phone=&#8221;&#8221; header_2_font_size_last_edited=&#8221;on|tablet&#8221; locked=&#8221;off&#8221; global_colors_info=&#8221;{}&#8221;]<h2>Derularea programului de formare</h2>[/et_pb_text][et_pb_text _builder_version=&#8221;4.16&#8243; _module_preset=&#8221;fb7962f2-1e22-419f-981e-f53e117901f9&#8243; text_font=&#8221;Asap||||||||&#8221; text_text_color=&#8221;#21401c&#8221; text_font_size=&#8221;16px&#8221; text_line_height=&#8221;1.8em&#8221; link_text_color=&#8221;#FFEDD3&#8243; text_font_size_tablet=&#8221;15px&#8221; text_font_size_phone=&#8221;14px&#8221; text_font_size_last_edited=&#8221;on|desktop&#8221; locked=&#8221;off&#8221; global_colors_info=&#8221;{}&#8221;]<p>Cursul se adresează domeniului agricol și are ca obiectiv managementul modern al fermei prin utilizarea tehnologiilor digitale, având în vedere importanța tot mai mare a acestui aspect. Este recomandat ca fermierii, lucrătorii din agricultură și/sau silvicultură să fie bine informați cu privire la posibilitățile de creștere a randamentului și productivității muncii.</p>
<p>Instruirea participanților vizează dobândirea competențelor de bază în utilizarea tehnologiei informației, incluzând prezentarea și aplicarea modurilor de lucru cu pachetele office, navigarea pe internet, precum și avantajele folosirii unor aplicații de tip banking.</p>[/et_pb_text][/et_pb_column][/et_pb_row][et_pb_row _builder_version=&#8221;4.16&#8243; _module_preset=&#8221;default&#8221; background_color=&#8221;#21401c&#8221; max_width=&#8221;760px&#8221; custom_margin=&#8221;50px||||false|false&#8221; custom_padding=&#8221;64px|30px|64px|30px|true|true&#8221; hover_enabled=&#8221;0&#8243; border_radii=&#8221;off|20px|20px||&#8221; locked=&#8221;off&#8221; global_colors_info=&#8221;{%22gcid-72e93b99-cf31-4689-b32a-779e96fe8e33%22:%91%93}&#8221; sticky_enabled=&#8221;0&#8243;][et_pb_column type=&#8221;4_4&#8243; _builder_version=&#8221;4.16&#8243; _module_preset=&#8221;default&#8221; global_colors_info=&#8221;{}&#8221;][et_pb_text _builder_version=&#8221;4.16&#8243; _module_preset=&#8221;90865f4d-2cce-42a7-b40e-d3fbad25605a&#8221; header_2_font=&#8221;Asap|700|||||||&#8221; header_2_text_color=&#8221;#FFEDD3&#8243; header_2_font_size=&#8221;56px&#8221; header_2_line_height=&#8221;1.2em&#8221; text_orientation=&#8221;center&#8221; custom_margin=&#8221;||10px||false|false&#8221; header_2_font_size_tablet=&#8221;32px&#8221; header_2_font_size_phone=&#8221;20px&#8221; header_2_font_size_last_edited=&#8221;on|phone&#8221; global_colors_info=&#8221;{}&#8221;]<h2>Newsletter</h2>[/et_pb_text][et_pb_text _builder_version=&#8221;4.27.4&#8243; _module_preset=&#8221;default&#8221; text_text_color=&#8221;#FFFFFF&#8221; hover_enabled=&#8221;0&#8243; sticky_enabled=&#8221;0&#8243; width=&#8221;56%&#8221; module_alignment=&#8221;center&#8221;]<p><strong>Abonați-vă la newsletter pentru a primi cele mai noi informații despre formarea profesională în domeniul agricol.</strong></p>[/et_pb_text][et_pb_signup mailchimp_list=&#8221;elegantthemestest|1ea2bbd026&#8243; layout=&#8221;top_bottom&#8221; name_field=&#8221;on&#8221; _builder_version=&#8221;4.16&#8243; _module_preset=&#8221;a4bf9472-b583-4bf0-a550-ab81dbf96c0f&#8221; header_font=&#8221;Asap|700|||||||&#8221; header_text_color=&#8221;#FFEDD3&#8243; header_font_size=&#8221;32px&#8221; form_field_font=&#8221;Asap||||||||&#8221; use_background_color=&#8221;off&#8221; custom_button=&#8221;on&#8221; button_text_size=&#8221;14px&#8221; button_text_color=&#8221;#d5a667&#8243; button_bg_color=&#8221;RGBA(0,0,0,0)&#8221; button_border_width=&#8221;4px&#8221; button_border_color=&#8221;#D5A667&#8243; button_border_radius=&#8221;0px&#8221; button_letter_spacing=&#8221;2px&#8221; button_font=&#8221;Asap|700||on|||||&#8221; button_icon=&#8221;&#x24;||divi||400&#8243; button_custom_padding=&#8221;15px|30px|15px|30px|true|true&#8221; text_orientation=&#8221;center&#8221; max_width=&#8221;400px&#8221; module_alignment=&#8221;center&#8221; header_font_size_tablet=&#8221;24px&#8221; header_font_size_phone=&#8221;18px&#8221; header_font_size_last_edited=&#8221;on|phone&#8221; border_radii_fields=&#8221;on|0px|0px|0px|0px&#8221; global_colors_info=&#8221;{}&#8221;][/et_pb_signup][/et_pb_column][/et_pb_row][/et_pb_section]

<p>Banatul de Nord – Găvojdia, județul TimișFormare profesională de scurtă durată în domeniul agricolFormarea profesionala se desfășoară pe durata a 5 zile, cte 8 ore/zi, in total 40 de ore, în perioada 13.09 – 19.09.2025, în localitatea Găvojdia, județul Timiș. Grupul ce participă la aceste formări de scurtă durată pentru adulți este de 20 persoane [&hellip;]</p>
